 = -6 - -7. Let b(p) = -3 - p - 2 - f. Suppose 2*y + 5*g + 25 = -3*y, 20 = y - 4*g. Calculate b(y).
-6
Let q(j) = -3*j + 4*j + j - j**2 + 2 + 2*j. Let x = -3 - -6. What is q(x)?
5
Let k be (-178)/(-26) + (-8)/(-52). Let o(b) = -5 - k + 19 - 2*b. What is o(6)?
-5
Suppose 5*n + 2*s = 4 + 64, n + 4*s - 28 = 0. Suppose g = 4*d + d + 3, -4*d - 4*g - n = 0. Let t(p) = -5*p**3 + 1. Determine t(d).
6
Let u = -96 - -94. Let s(a) = -2*a**3 + 2*a + 2. What is s(u)?
14
Let j(p) be the second derivative of -1/2*p**2 + 2*p - p**3 + 0 + 1/8*p**4. Let y(x) be the first derivative of j(x). What is y(4)?
6
Let n(u) be the second derivative of u**5/120 - u**4/12 - u**3/2 - u. Let s(v) be the second derivative of n(v). What is s(-3)?
-5
Let k(x) = x**3 - 6*x**2 - 7*x + 5. Let w be k(7). Suppose 0 = 2*z + 3 - w. Let o(m) = 5*m**3 - 2*m**2 + m. Calculate o(z).
4
Let s(q) = q - 3. Suppose -2*d = -4*y - 20, -4*y + 16 = 3*d - 3*y. Let i be s(d). Suppose -1 = j - i. Let w(t) = t**2 - 2*t - 1. What is w(j)?
-1
Let s be -5*4/(-10)*4. Let y(i) = -i**3 + 9*i**2 - 9*i + 3. Calculate y(s).
-5
Let i = -4 + 2. Let c(x) = -4*x + 4. Let b(k) be the third derivative of k**3/6 - k**2. Let m(f) = 2*b(f) - c(f). Determine m(i).
-10
Suppose 0 = 5*z - h - 43, -4*z + 5*h = -3*z - 23. Let o = -6 + z. Let v be o/(-3)*18/(-12). Let x(m) = -m + 1. What is x(v)?
0
Let j(h) = 2*h**2 + 2*h + 1. Let q be j(-1). Let z(c) = -c - 3 + q - 1. What is z(0)?
-3
Let a be (14/21)/(2/12). Suppose k = 2*k - a. Let n(x) = 0*x + 2*x**2 + 2*x**2 + x**2 + 3 + x**3 + k*x. Give n(-4).
3
Let k(h) = -5*h**3 + 12*h**2 + 11*h + 13. Let u(b) = 2*b**3 - 6*b**2 - 5*b - 6. Let s(d) = -3*k(d) - 7*u(d). Determine s(-4).
27
Let k = -31 - -39. Let d(u) = -u + 9. Calculate d(k).
1
Suppose 4*d - 2*o - 3 = 7, 5*o = -d - 3. Let f(c) = -1 + 3*c**3 + 3*c**d - 3*c - 4*c**3 + 3 + 1. Give f(2).
1
Suppose -14 + 3 = -5*t - 4*g, 5*t = -2*g + 13. Let o(j) be the first derivative of 2 - 2*j**2 + 1/3*j**t + 4*j. Calculate o(4).
4
Let m(d) be the third derivative of -d**6/120 + d**5/12 - d**4/24 + d**3 - 2*d**2. Give m(5).
1
Let d(u) be the third derivative of -1/360*u**6 + 1/15*u**5 + 0*u + 0 - 2*u**2 + 1/24*u**4 + 0*u**3. Let y(i) be the second derivative of d(i). Determine y(6).
-4
Suppose 0 = 3*m + 6 + 12. Let u(n) = n**3 + 6*n**2 + 2*n + 7. Determine u(m).
-5
Suppose -4*f = -9*f + 20. Let u = -1 + f. Let g(d) = d - 2. What is g(u)?
1
Let k(l) = -4*l + 1. Suppose 0 = 5*i + 5*a - 45, -3*i - a + 17 = -0*i. Suppose -4*f = -5*f + 9. Let b be f/i + 3/(-12). Determine k(b).
-7
Let q be (-30)/(-4)*2/(-3). Let z(r) = -r**3 - 4*r**2 + 4*r - 4. Calculate z(q).
1
Let r(l) = -l. Suppose 0 = -0*x + 5*x + 10. Let i = x + -4. Determine r(i).
6
Let o(u) = 6*u**2 - 3. Let r(q) = -q**3 + 5*q**2 - q - 2. Let f(g) = -2*o(g) + 3*r(g). Calculate f(2).
-18
Let t(g) = 3*g**3 + 4*g**2 - 5*g + 6. Suppose 2*v = -0 + 6. Let w(f) = 4*f**3 + 5*f**2 - 6*f + 7. Let d(i) = v*t(i) - 2*w(i). Determine d(-3).
4
Let l(b) be the second derivative of b**4/12 - b**3/3 + b**2/2 + 2*b. Let z = 17 + -19. Give l(z).
9
Let p(h) = -h**2 + 2*h. Let t be 2*(3 + (-2)/2). Let w be t/((-4 - -2)*-1). Determine p(w).
0
Let y(u) = -5*u**3 + 2*u**2 + 2*u - 9. Let i(q) = -4*q**3 + 3*q**2 + q - 8. Let l(j) = 4*i(j) - 3*y(j). Determine l(5).
10
Let f = 10 + -12. Let o(a) = -a + a + a + 1. What is o(f)?
-1
Let o be (-92)/32 - 3/24. Let k(p) be the third derivative of p**4/24 - p**3/3 + p**2. Give k(o).
-5
Let t(v) be the second derivative of v**3/3 - 15*v. Give t(-4).
-8
Let t = -7 - -11. Suppose 0 = f - t*r - 9 - 2, 4*f - r - 14 = 0. Let z(p) = 0*p**2 - p**2 - p - 3*p**3 + 0*p**2 + f*p**2. Give z(1).
-2
Let q(y) = -y**2 - 7*y - 9. Let u be q(-6). Let s = u - -6. Let j(h) = -20*h + 24*h + s*h**2 + 1 - 4*h**2. What is j(4)?
1
Let f(i) = -3*i - 6. Let p(b) = 14*b + 30. Let q(h) = -11*f(h) - 2*p(h). Calculate q(-4).
-14
Let a(i) = i**2 - 2*i + 5. Let h(b) = 1. Let x(n) = a(n) - 6*h(n). Determine x(-2).
7
Let s(u) be the first derivative of -u**3/3 + 9*u**2/2 - 3*u + 2. Let h be s(8). Let k(g) = -g**2 + 2*g + 5. Calculate k(h).
-10
Let w(p) = 2*p**2 - 12*p + 1. Let z(o) = o**2 - 6*o + 1. Let k(s) = 4*w(s) - 9*z(s). Suppose -d + 0 = -2*y + 4, 0 = -y + 5. Calculate k(d).
-5
Let j(z) = z**3 + 7*z**2 - 11*z + 7. Let w(x) = -x**3 + 5*x**2 - 5*x - 4. Let h be w(4). Determine j(h).
31
Suppose -168 = 4*j - 168. Let m(c) be the second derivative of -c**5/20 - c**4/12 - 2*c**2 - 2*c. What is m(j)?
-4
Let x(m) = -m + 5. Let j be x(3). Let a(b) = -1 - 5*b**j - 3*b - b**3 + 4*b**2 + 3*b. Suppose 3*s = 2*s. Calculate a(s).
-1
Let u(h) be the second derivative of -5/2*h**2 + 0 + 2*h + 1/6*h**3. Give u(-6).
-11
Let w be (-6)/33 + 224/22. Let n be ((-12)/w)/((-6)/20). Suppose 4*f = 5*i + 3 - 0, -2*i - f + n = 0. Let t(o) = 2*o**3 - o**2. Calculate t(i).
1
Let w(l) = -l. Let k(z) = z. Let c be k(1). Give w(c).
-1
Suppose -c + 5*c - 20 = 0. Let t(k) = -2*k + 3*k + c*k - 3*k. Determine t(1).
3
Let i(n) = n**2 - 2*n - 2. Let m be (6 - 0 - 4)/(-6)*-9. Determine i(m).
1
Let s(f) = 24*f - 39. Let j(z) = z. Let p(h) = -4*j(h) + s(h). Let l(o) = -7*o + 13. Let t(q) = 17*l(q) + 6*p(q). What is t(7)?
-6
Let n(m) be the first derivative of m**2 + 4. Suppose -20 = -4*a, 0 = -5*y + 2*y + a - 20. What is n(y)?
-10
Let q(a) = 2*a + 5. Let h(k) = -k - 5. Let i(s) = -3*h(s) - 2*q(s). Calculate i(-7).
12
Suppose 3 = -5*v + 13. Suppose -2*t + v*o = -7*t + 25, t - 5 = o. Let r(s) = s**3 - 5*s**2 + 2*s - 2. Give r(t).
8
Let y(z) = -2*z**2 - 23*z - 6. Let d(t) = t**2 + 12*t + 3. Let o(b) = 11*d(b) + 6*y(b). Let h(l) = -l - 15. Let s be h(-9). Give o(s).
-3
Let z(a) = 4*a + 19. Let v(l) = -3*l - 13. Let x(w) = 7*v(w) + 5*z(w). Suppose -5*s = -5, -2*t = -5*s - 1 - 2. Suppose 16 - 4 = t*g. What is x(g)?
1
Let h(k) be the second derivative of k**5/20 + k**4/3 - 2*k**3/3 + 2*k**2 - 3*k. Let v be h(-5). Let a(w) = 8*w + 1. What is a(v)?
-7
Let x(z) = -5*z + 20. Let c be 4 + ((-8)/1 - -2). Let t(w) = -w + 5. Let m(s) = c*x(s) + 9*t(s). Calculate m(0).
5
Let i(x) be the third derivative of x**5/60 - x**4/12 + x**3/2 - 15*x**2. Calculate i(3).
6
Let c = -87 - -86. Let u(i) = -3*i**2 - 1. Give u(c).
-4
Let m(u) = u**3 - 3*u**2 + 3*u - 1. Let p be ((-7)/2 + 3)*-2. Let s(n) = 5*n - 2. Let k be s(p). Determine m(k).
8
Let a be 0*(60/72 - 2/(-12)). Let f(l) = l - 4. What is f(a)?
-4
Let y(o) = -3*o. Suppose -b + 7 = c + b, -5*b = -4*c + 93. Let w = c - 11. Let z be 4/w*-3*-1. Give y(z).
-6
Let r(a) be the second derivative of a**5/20 - a**4/3 - 5*a**3/6 + 3*a**2/2 - a. Determine r(4).
-17
Let u be (-1 - -5)/((-2)/(-7)). Let o = 20 - u. Let g(q) = -q + 4 - o - 2. Give g(-3).
-1
Let r(d) = d**3 + 11*d**2 + 9*d - 9. Let o(m) = -m**3 - 11*m**2 - 9*m + 8. Let x(l) = -2*o(l) - 3*r(l). Calculate x(-10).
1
Let h(n) = n + 1. Let c(a) = -a**2 - 5*a - 4. Let l(u) = -c(u) + 2*h(u). Let v(g) = g**3 + 3*g**2 - 5*g - 2. Let k be v(-3). Let f = -18 + k. Determine l(f).
-4
Suppose 4*h = -s + 6, -s = 5*h - 3 - 4. Suppose -s*l + 8 = -2. Let k = l + -1. Let q(w) = w**2 - 5*w - 2. Calculate q(k).
-6
Suppose 20 = 3*k - b, 5*k + 0*b - b - 30 = 0. Let w(i) = i**3 - 6*i**2 + 6*i - 4. Give w(k).
1
Let j be 15/6 - (-1)/2. Let b be j/(-3) + (2 - 1). Let r(y) = 3*y**2 - 3*y - 19. Let u(p) = -2*p**2 + 2*p + 13. Let i(o) = -5*r(o) - 8*u(o). Determine i(b).
-9
Let d(z) be the first derivative of 1/3*z**3 + 0*z**2 - z + 1. Let l be (9/5)/(105/175). Determine d(l).
8
Let k(s) be the second derivative of -s**3/2 - 7*s**2/2 - s. Suppose -37 = 3*y - 22. Determine k(y).
8
Let f(v) = -4*v**2 + 3*v + 4. Let s(b) = -9*b**2 + 7*b + 8. Let a(y) = -7*f(y) + 3*s(y). Give a(0).
-4
Let q(j) be the third derivative of j**6/120 - j**5/30 - j**4/8 + 2*j**2. Let p = 2 + -8. Let t = p - -9. Calculate q(t).
0
Suppose 0 = -n + 2*f + 14, -2*n - 2*f = n - 10. Suppose 0 = 4*k + k + 30. Let j = n + k. Let m(u) = -u**2 - u - 8. Determine m(j).
-8
Suppose -15 = 10*d + 65. Let z(i) = -i**2 - 9*i - 4. Give z(d).
4
Let s(d) = -d**2 - d + 4. Let q(a) = 6*a**2 + 26*a - 26. Let h(f) = -f**2 - 5*f + 5. Let b(j) = 11*h(j) + 2*q(j). Let w be b(3). What is s(w)?
-8
Let q(p) = -p**3 + 5*p**2 - 7*p + 5. Suppose 0*u + 10 = 5*u - 4*z, 5*u - 2*z = 0. Let m be 0 - u - (4 + 2). Let k be 2/(-8) + (-17)/m. What is q(k)?
